 base 6.
-222311
2213 (base 7) to base 12
562
-11a6a (base 13) to base 12
-169b4
Convert 311412 (base 5) to base 8.
23770
c21b (base 16) to base 2
1100001000011011
Convert -828 (base 14) to base 16.
-644
2742 (base 8) to base 5
22011
What is 3540 (base 6) in base 7?
2325
Convert 1266 (base 9) to base 12.
673
What is b53b (base 14) in base 5?
1444332
Convert -14 (base 5) to base 16.
-9
Convert -3320 (base 14) to base 7.
-34540
-111010010010 (base 2) to base 12
-21aa
490 (base 15) to base 12
723
-230255 (base 6) to base 2
-100110001011011
What is 23625 (base 7) in base 8?
14000
What is -6742 (base 8) in base 13?
-1805
Convert -489 (base 15) to base 2.
-10000000101
Convert -41103 (base 5) to base 16.
-a5d
Convert 1670 (base 10) to base 15.
765
Convert 385 (base 12) to base 11.
445
What is 21330112 (base 4) in base 14?
10bb0
What is -655 (base 8) in base 15?
-1d9
What is -900 (base 11) in base 15?
-4c9
What is 1455 (base 7) in base 4?
21003
What is -15de (base 15) in base 5?
-122314
Convert -88ec (base 15) to base 4.
-13011132
Convert -74333 (base 8) to base 13.
-1110c
What is 190 (base 14) in base 2?
101000010
What is 13396 (base 13) in base 2?
1000101111000110
-1ba32 (base 12) to base 8
-120406
What is -1a4 (base 12) in base 6?
-1124
-30423 (base 6) to base 11
-304a
-5552 (base 15) to base 3
-220210112
-140 (base 15) to base 13
-18c
1100101110 (base 2) to base 7
2242
Convert -430 (base 10) to base 5.
-3210
Convert -369 (base 14) to base 10.
-681
What is 221202021 (base 3) in base 14?
6bac
Convert 445 (base 15) to base 11.
7a8
What is 234130 (base 7) in base 5?
2323014
Convert 2101 (base 6) to base 11.
397
What is 40651 (base 11) in base 10?
59346
22222100 (base 3) to base 2
1100110001111
What is -232 (base 12) in base 4?
-11012
Convert -22122220 (base 3) to base 13.
-2b4a
Convert 755 (base 9) to base 4.
21221
-17140 (base 9) to base 10
-11781
Convert -8266 (base 13) to base 8.
-43116
What is 316 (base 15) in base 8?
1270
Convert -12010 (base 3) to base 7.
-255
What is 441043 (base 5) in base 12?
8924
Convert 21300210 (base 4) to base 9.
60743
-72a (base 15) to base 6
-11251
-331155 (base 6) to base 4
-12231233
What is -3058 (base 11) in base 4?
-333120
Convert -100000111010011 (base 2) to base 14.
-61d9
What is -38724 (base 9) in base 14?
-9728
Convert 1114 (base 8) to base 5.
4323
What is -15d (base 15) in base 13?
-1b1
What is 45344 (base 8) in base 2?
100101011100100
10122 (base 5) to base 10
662
What is -1209 (base 12) in base 6?
-13213
111111101111 (base 2) to base 11
3079
7212 (base 12) to base 8
30156
3a970 (base 11) to base 15
12484
What is 24225 (base 6) in base 2?
110111011001
Convert 553 (base 7) to base 3.
101111
7225 (base 8) to base 4
322111
What is 81b7 (base 13) in base 10?
17895
What is 100120 (base 3) in base 5?
2013
b3b (base 13) to base 4
131311
Convert 1933 (base 14) to base 11.
346a
What is -86012 (base 9) in base 7?
-324545
What is -864 (base 9) in base 5?
-10311
What is -cb4 (base 15) in base 4?
-230311
What is -314 (base 14) in base 3?
-211110
What is 22316 (base 10) in base 7?
122030
2202303 (base 4) to base 2
10100010110011
What is 14745 (base 9) in base 15?
2ec5
Convert 202212 (base 3) to base 14.
2c3
Convert 12d93 (base 15) to base 9.
101813
Convert -130 (base 5) to base 9.
-44
-112112 (base 3) to base 8
-610
What is -643 (base 14) in base 8?
-2323
Convert -110 (base 4) to base 14.
-16
Convert 1146 (base 14) to base 12.
18a2
Convert -78 (base 13) to base 8.
-143
Convert 45212 (base 6) to base 9.
8628
Convert 603 (base 8) to base 15.
1ac
Convert 320 (base 13) to base 12.
385
-1f74 (base 16) to base 5
-224202
-13121 (base 6) to base 9
-2654
-9871 (base 16) to base 9
-58471
-24357 (base 11) to base 16
-88d7
Convert -1036 (base 7) to base 13.
-226
18171 (base 9) to base 11
9469
179a (base 11) to base 10
2287
Convert 304c (base 15) to base 3.
111222200
What is -5056 (base 7) in base 11?
-1357
169 (base 15) to base 16
144
-342 (base 5) to base 4
-1201
What is 122100012 (base 3) in base 11?
9552
1132 (base 6) to base 8
420
Convert -21230 (base 5) to base 14.
-74c
What is -82a (base 12) in base 4?
-102202
Convert 11222222 (base 3) to base 15.
112e
Convert -5521 (base 8) to base 7.
-11306
311324 (base 5) to base 3
112000022
Convert -104715 (base 9) to base 6.
-1201322
What is -6726 (base 8) in base 10?
-3542
-433301 (base 5) to base 10
-14826
What is -4246 (base 10) in base 15?
-13d1
211110 (base 4) to base 6
15020
7edc (base 15) to base 13
c387
Convert -4165 (base 7) to base 6.
-10444
342134 (base 5) to base 4
2332021
What is -a8 (base 11) in base 14?
-86
-10010 (base 4) to base 10
-260
Convert 142401 (base 6) to base 2.
11010011100001
Convert 13c (base 13) to base 14.
11a
Convert -500 (base 11) to base 3.
-211102
What is -2 (base 9) in base 12?
-2
Convert -594 (base 11) to base 14.
-388
1513 (base 6) to base 16
195
Convert 1201020 (base 3) to base 9.
1636
What is -13c4 (base 13) in base 10?
-2864
-1cc5 (base 13) to base 5
-120021
Convert -11102211 (base 3) to base 7.
-12301
What is 764 (base 8) in base 2?
111110100
Convert -8 (base 16) to base 5.
-13
Convert -135514 (base 6) to base 14.
-49dc
Convert -124 (base 8) to base 13.
-66
Convert 6c0 (base 14) to base 7.
3630
What is 1213133 (base 5) in base 9?
34384
2202222 (base 3) to base 5
31044
Convert -26b3 (base 12) to base 3.
-20010000
-24043 (base 7) to base 11
-4731
Convert -121 (base 3) to base 13.
-13
Convert 6179 (base 11) to base 12.
48a9
-1a3 (base 15) to base 8
-572
Convert -2016 (base 7) to base 4.
-22323
Convert 16088 (base 10) to base 3.
211001212
Convert -b0d (base 15) to base 6.
-15304
What is -9415 (base 16) in base 4?
-21100111
Convert -85d (base 16) to base 7.
-6146
Convert -21806 (base 9) to base 12.
-8489
Convert 3735 (base 9) to base 12.
1742
aa (base 12) to base 10
130
What is -1200212 (base 3) in base 4?
-103112
What is 10010000100101 (base 2) in base 11?
6a52
-222223 (base 4) to base 5
-41411
Convert 2900 (base 14) to base 2.
1110001010100
bb31 (base 15) to base 9
60341
Convert -1234 (base 10) to base 5.
-14414
6900 (base 12) to base 13
5403
What is 111 (base 16) in base 10?
273
What is 1a06 (base 15) in base 7?
22263
What is 20301 (base 4) in base 8?
1061
What is -13113 (base 4) in base 12?
-333
Convert -10283 (base 15) to base 9.
-77206
Convert 163356 (base 7) to base 16.
7eae
What is 2660 (base 8) in base 2?
10110110000
What is 299 (base 10) in base 9?
362
What is 255 (base 12) in base 5?
2403
Convert -1112b (base 12) to base 16.
-5873
-101021122 (base 3) to base 11
-56a5
15a72 (base 11) to base 5
1210320
What is 120130 (base 4) in base 8?
3034
Convert 117b (base 14) to base 8.
5751
What is -197 (base 13) in base 2?
-100100101
Convert -1c3e (base 16) to base 5.
-212410
Convert -93a5 (base 11) to base 6.
-133401
Convert -221110101 (base 3) to base 4.
-10201333
-1110001 (base 3) to base 10
-1054
Convert -6546 (base 11) to base 14.
-3213
What is 1456 (base 7) in base 11?
488
1044 (base 11) to base 10
1379
Convert -153 (base 16) to base 4.
-11103
Convert 11202 (base 4) to base 13.
213
-281 (base 12) to base 11
-320
What is -1768 (base 9) in base 12?
-952
-1431 (base 7) to base 5
-4221
40403 (base 10) to base 6
511015
Convert -2eb (base 15) to base 3.
-220212
Convert 192 (base 13) to base 9.
350
5490 (base 13) to base 5
334103
-33330 (base 4) to base 13
-606
Convert 819 (base 11) to base 3.
1100121
7cb0 (base 13) to base 4
10102032
What is 2444 (base 5) in base 14?
1ca
What is -26163 (base 8) in base 9?
-16543
9079 (base 13) to base 7
111640
-521 (base 7) to base 8
-404
What is -72 (base 14) in base 11?
-91
What is -4272 (base 11) in base 16?
-160d
Convert -33b (base 16) to base 13.
-4b8
Convert 134a (base 11) to base 16.
6d4
12030030 (base 4) to base 11
18061
111301 (base 4) to base 16
571
-1103 (base 5) to base 7
-306
3681 (base 9) to base 6
20414
Convert -31002310 (base 4) to base 14.
-15684
What is -101111011101 (base 2) in base 7?
-11566
What is 636 (base 10) in base 16?
27c
Convert -11101101 (base 2) to base 8.
-355
2455a (base 11) to base 4
20213030
What is 14478 (base 13) in base 7?
216102
Convert -32a (base 14) to base 9.
-765
Convert 32423 (base 5) to base 9.
3056
What is -95 (base 12) in base 11?
-a3
-37634 (base 10) to base 5
-2201014
Con